{"id":449,"date":"2020-05-09T15:01:13","date_gmt":"2020-05-09T13:01:13","guid":{"rendered":"http:\/\/51.159.29.33\/wp\/2020conference\/?page_id=449"},"modified":"2024-05-09T09:37:19","modified_gmt":"2024-05-09T07:37:19","slug":"sig-02-corporate-governance-cogo","status":"publish","type":"page","link":"https:\/\/conferences.euram.academy\/2024conference\/sig-02-corporate-governance-cogo\/","title":{"rendered":"SIG 02: Corporate Governance (COGO)"},"content":{"rendered":"<div id='full_slider_1'  class='avia-fullwidth-slider main_color avia-shadow   avia-builder-el-0  el_before_av_one_full  avia-builder-el-first   container_wrap sidebar_right'  ><div  class='avia-slideshow av-fpdqp-6b672275c032b39bb12cba073bbf93cd avia-slideshow-no scaling av_slideshow_full avia-fade-slider av-slideshow-ui av-control-hidden av-no-slider-navigation av-hide-nav-arrows av-slideshow-autoplay av-loop-endless av-loop-manual-endless av-default-height-applied   avia-slideshow-1' data-slideshow-options=\"{&quot;animation&quot;:&quot;fade&quot;,&quot;autoplay&quot;:true,&quot;loop_autoplay&quot;:&quot;endless&quot;,&quot;interval&quot;:4,&quot;loop_manual&quot;:&quot;manual-endless&quot;,&quot;autoplay_stopper&quot;:false,&quot;noNavigation&quot;:true,&quot;bg_slider&quot;:false,&quot;keep_padding&quot;:false,&quot;hoverpause&quot;:false,&quot;show_slide_delay&quot;:0}\"  itemprop=\"image\" itemscope=\"itemscope\" itemtype=\"https:\/\/schema.org\/ImageObject\" ><ul class='avia-slideshow-inner ' style='padding-bottom: 24%;'><li  class='avia-slideshow-slide av-fpdqp-6b672275c032b39bb12cba073bbf93cd__0  av-single-slide slide-1 slide-odd'><div data-rel='slideshow-1' class='avia-slide-wrap '   ><img decoding=\"async\" fetchpriority=\"high\" class=\"wp-image-3836 avia-img-lazy-loading-not-3836\"  src=\"https:\/\/conferences.euram.academy\/2024conference\/wp-content\/uploads\/sites\/9\/2023\/03\/banner-1100x264-1.jpg\" width=\"1100\" height=\"264\" title='banner-1100x264' alt=''  itemprop=\"thumbnailUrl\" srcset=\"https:\/\/conferences.euram.academy\/2024conference\/wp-content\/uploads\/sites\/9\/2023\/03\/banner-1100x264-1.jpg 1100w, https:\/\/conferences.euram.academy\/2024conference\/wp-content\/uploads\/sites\/9\/2023\/03\/banner-1100x264-1-300x72.jpg 300w, https:\/\/conferences.euram.academy\/2024conference\/wp-content\/uploads\/sites\/9\/2023\/03\/banner-1100x264-1-1030x247.jpg 1030w, https:\/\/conferences.euram.academy\/2024conference\/wp-content\/uploads\/sites\/9\/2023\/03\/banner-1100x264-1-768x184.jpg 768w, https:\/\/conferences.euram.academy\/2024conference\/wp-content\/uploads\/sites\/9\/2023\/03\/banner-1100x264-1-705x169.jpg 705w\" sizes=\"(max-width: 1100px) 100vw, 1100px\" \/><\/div><\/li><\/ul><\/div><\/div><div id='after_full_slider_1'  class='main_color av_default_container_wrap container_wrap sidebar_right'  ><div class='container av-section-cont-open' ><div class='template-page content  av-content-small alpha units'><div class='post-entry post-entry-type-page post-entry-449'><div class='entry-content-wrapper clearfix'>\n\n<style type=\"text\/css\" data-created_by=\"avia_inline_auto\" id=\"style-css-av-106mv-b26d9a173ce3b949fbe52811927c0fe2\">\n.flex_column.av-106mv-b26d9a173ce3b949fbe52811927c0fe2{\nborder-radius:0px 0px 0px 0px;\npadding:0px 0px 0px 0px;\n}\n<\/style>\n<div  class='flex_column av-106mv-b26d9a173ce3b949fbe52811927c0fe2 av_one_full  avia-builder-el-1  el_after_av_slideshow_full  el_before_av_one_full  avia-builder-el-first  first flex_column_div av-zero-column-padding  '     ><style type=\"text\/css\" data-created_by=\"avia_inline_auto\" id=\"style-css-av-k9zr702l-f6d88f4589c405aea86b377a3a69292f\">\n#top .av-special-heading.av-k9zr702l-f6d88f4589c405aea86b377a3a69292f{\npadding-bottom:10px;\n}\nbody .av-special-heading.av-k9zr702l-f6d88f4589c405aea86b377a3a69292f .av-special-heading-tag .heading-char{\nfont-size:25px;\n}\n.av-special-heading.av-k9zr702l-f6d88f4589c405aea86b377a3a69292f .av-subheading{\nfont-size:17px;\n}\n<\/style>\n<div  class='av-special-heading av-k9zr702l-f6d88f4589c405aea86b377a3a69292f av-special-heading-h2  avia-builder-el-2  avia-builder-el-no-sibling '><h2 class='av-special-heading-tag '  itemprop=\"headline\"  >SIG 02: Corporate Governance (COGO)<\/h2><div class=\"special-heading-border\"><div class=\"special-heading-inner-border\"><\/div><\/div><\/div><\/div>\n\n<style type=\"text\/css\" data-created_by=\"avia_inline_auto\" id=\"style-css-av-arh72-49fdb3f1e8632279bdd120216c7c3970\">\n#top .flex_column.av-arh72-49fdb3f1e8632279bdd120216c7c3970{\nmargin-top:50px;\nmargin-bottom:10px;\n}\n.flex_column.av-arh72-49fdb3f1e8632279bdd120216c7c3970{\nborder-radius:0px 0px 0px 0px;\npadding:0px 0px 0px 0px;\n}\n.responsive #top #wrap_all .flex_column.av-arh72-49fdb3f1e8632279bdd120216c7c3970{\nmargin-top:50px;\nmargin-bottom:10px;\n}\n<\/style>\n<div  class='flex_column av-arh72-49fdb3f1e8632279bdd120216c7c3970 av_one_full  avia-builder-el-3  el_after_av_one_full  el_before_av_heading  first flex_column_div av-zero-column-padding  column-top-margin'     ><section  class='av_textblock_section av-k9wjkwok-c9d79e2fa817902dcef9e80ef6ebffbe '   itemscope=\"itemscope\" itemtype=\"https:\/\/schema.org\/CreativeWork\" ><div class='avia_textblock'  itemprop=\"text\" ><p style=\"text-align: justify;\">The corporate governance SIG welcomes studies exploring all aspects of antecedents and consequences &#8211; of corporate governance and boards of directors. Contributions adopting a wide set of theoretical lenses and research methods are strongly encouraged as well as studies analysing corporate governance in different types of enterprises and institutional contexts, including different countries and regional cultures.<\/p>\n<h4 style=\"text-align: justify;\">SIG OFFICERS (2023-2024):<\/h4>\n<p>Amedeo Pugliese (University of Padua, Italy)\u00a0<a href=\"mailto:amedeo.pugliese@unipd.it\" target=\"_blank\" rel=\"noopener\">amedeo.pugliese@unipd.<wbr \/>it<\/a> \u2013 SIG Chair<u><\/u><\/p>\n<p>Emma Garc\u00eda Meca (Technical University of Cartagena, Spain)\u00a0<a href=\"mailto:emma.garcia@upct.es\" target=\"_blank\" rel=\"noopener\">emma.garcia@upct.es<\/a>\u00a0\u2013 SIG Chair-Elect<u><\/u><\/p>\n<p>Patricia Gabaldon (IE Business School, Spain)\u00a0<a href=\"http:\/\/patricia.gabaldon@ie.edu\/\" target=\"_blank\" rel=\"noopener\" data-saferedirecturl=\"https:\/\/www.google.com\/url?q=http:\/\/patricia.gabaldon@ie.edu&amp;source=gmail&amp;ust=1657005869534000&amp;usg=AOvVaw0tcKXV2BAgHFRcXxPqpiJH\">patricia.gabaldon@ie.e<\/a> \u2013 SIG Programme Chair<\/p>\n<p>Agnieszka S\u0142omka-Go\u0142\u0119biowska (Warsaw School of Economics) <a href=\"mailto:aslomka@sgh.waw.pl\">aslomka@sgh.waw.pl<\/a> \u2013 SIG Communication and Promotion Officer<\/p>\n<div id=\"ConnectiveDocSignExtentionInstalled\" data-extension-version=\"1.0.4\"><\/div>\n<\/div><\/section><\/div>\n\n<style type=\"text\/css\" data-created_by=\"avia_inline_auto\" id=\"style-css-av-g2vup-c4f26cca106ab9bd326e7d81b3d2abef\">\n#top .av-special-heading.av-g2vup-c4f26cca106ab9bd326e7d81b3d2abef{\nmargin:50px 0 0 0;\npadding-bottom:0;\n}\nbody .av-special-heading.av-g2vup-c4f26cca106ab9bd326e7d81b3d2abef .av-special-heading-tag .heading-char{\nfont-size:25px;\n}\n#top #wrap_all .av-special-heading.av-g2vup-c4f26cca106ab9bd326e7d81b3d2abef .av-special-heading-tag{\npadding:0 0 50px 0;\n}\n.av-special-heading.av-g2vup-c4f26cca106ab9bd326e7d81b3d2abef .av-subheading{\nfont-size:15px;\n}\n<\/style>\n<div  class='av-special-heading av-g2vup-c4f26cca106ab9bd326e7d81b3d2abef av-special-heading-h3  avia-builder-el-5  el_after_av_one_full  el_before_av_one_full '><h3 class='av-special-heading-tag '  itemprop=\"headline\"  >CORPORATE GOVERNANCE SIG STANDING TRACKS<\/h3><div class=\"special-heading-border\"><div class=\"special-heading-inner-border\"><\/div><\/div><\/div>\n\n<style type=\"text\/css\" data-created_by=\"avia_inline_auto\" id=\"style-css-av-arh72-2-40f5afa16ee6925eb52f891f922c4089\">\n#top .flex_column.av-arh72-2-40f5afa16ee6925eb52f891f922c4089{\nmargin-top:40px;\nmargin-bottom:10px;\n}\n.flex_column.av-arh72-2-40f5afa16ee6925eb52f891f922c4089{\nborder-radius:0px 0px 0px 0px;\npadding:0px 0px 0px 0px;\n}\n.responsive #top #wrap_all .flex_column.av-arh72-2-40f5afa16ee6925eb52f891f922c4089{\nmargin-top:40px;\nmargin-bottom:10px;\n}\n<\/style>\n<div  class='flex_column av-arh72-2-40f5afa16ee6925eb52f891f922c4089 av_one_full  avia-builder-el-6  el_after_av_heading  el_before_av_heading  first flex_column_div av-zero-column-padding  '     ><section  class='av_textblock_section av-k9wwjvzb-1-4f3818c1cc7118c7f6e53dae0ceae913 '   itemscope=\"itemscope\" itemtype=\"https:\/\/schema.org\/CreativeWork\" ><div class='avia_textblock'  itemprop=\"text\" ><h3 style=\"text-align: justify;\"><strong>GT02_00 &#8211; Corporate Governance General Track<\/strong><\/h3>\n<p style=\"text-align: justify;\">This is a general corporate governance track within the Corporate Governance SIG, which invites contributions from all areas related to corporate governance that are not explicitly covered by other tracks within the SIG. We welcome studies examining the antecedents and processes of governance as well as its consequences, for example, studies examining ownership structures, international corporate governance, external corporate governance and the role of capital markets. We encourage paper submissions drawing from diverse theoretical lenses, using different research methods, and studying corporate governance in various countries.<\/p>\n<p style=\"text-align: justify;\"><strong>UN Sustainable Development Goals (SDG):<\/strong><\/p>\n<p style=\"text-align: justify;\">Goal 1: No poverty; Goal 2: Zero hunger; Goal 4: Quality education; Goal 8: Decent work and economic growth; Goal 10: Reducing inequalities; Goal 11: Sustainable cities and communities<\/p>\n<p style=\"text-align: justify;\"><strong>Primary Contact:<\/strong><\/p>\n<p style=\"text-align: justify;\">Amedeo Pugliese, University of Padova &#8211; amedeo.pugliese@unipd.it<\/p>\n<div class='w3eden'><!-- WPDM Link Template: Default Template -->\n\n<div class=\"link-template-default card mb-2\">\n    <div class=\"card-body\">\n        <div class=\"media\">\n            <div class=\"mr-3 img-48\"><img decoding=\"async\" class=\"wpdm_icon\" alt=\"Icon\" src=\"https:\/\/conferences.euram.academy\/2024conference\/wp-content\/plugins\/download-manager\/assets\/file-type-icons\/pdf.svg\" \/><\/div>\n            <div class=\"media-body\">\n                <h3 class=\"package-title\"><a href='https:\/\/conferences.euram.academy\/2024conference\/download\/gt02_00-corporate-governance-general-track\/'>GT02_00 - Corporate Governance General Track<\/a><\/h3>\n                <div class=\"text-muted text-small\"><i class=\"fas fa-copy\"><\/i> 1 file(s) <i class=\"fas fa-hdd ml-3\"><\/i> 189.16 KB<\/div>\n            <\/div>\n            <div class=\"ml-3\">\n                <a class='wpdm-download-link download-on-click btn btn-primary ' rel='nofollow' href='#' data-downloadurl=\"https:\/\/conferences.euram.academy\/2024conference\/download\/gt02_00-corporate-governance-general-track\/?wpdmdl=4188&refresh=6a036347b7ceb1778606919\">Download<\/a>\n            <\/div>\n        <\/div>\n    <\/div>\n<\/div>\n\n<\/div>\n<p style=\"text-align: justify;\"><strong>\u00a0<\/strong><\/p>\n<h3 style=\"text-align: justify;\"><strong>ST01_01\/ST02_01 &#8211; Rethinking the Responsible Corporation: Bridging Management, Law &amp; Purpose (B4S &amp; CoGo SIGs)<\/strong><\/h3>\n<p style=\"text-align: justify;\">With this track, we develop new perspectives on the responsible corporation. We focus both on corporate governance and on institutional or legal frameworks that enable corporations to better manage sustainability-related matters and responsible innovation. We encourage contributions that further our understanding of responsible corporations from various angles: theoretical or comparative approaches to corporate governance; recent institutional developments in sustainable finance or in corporate law, such as purpose-driven corporations; alternative and emerging forms of business organizations; and historical as well as recent cases like Danone and Unilever.<\/p>\n<p style=\"text-align: justify;\"><strong>UN Sustainable Development Goals (SDG):<\/strong><\/p>\n<p style=\"text-align: justify;\">Goal 4: Quality education; Goal 8: Decent work and economic growth; Goal 9: Industry, Innovation, and Infrastructure; Goal 10: Reducing inequalities; Goal 12: Responsible consumption and production<\/p>\n<p style=\"text-align: justify;\"><strong>Primary Contact:<\/strong><\/p>\n<p style=\"text-align: justify;\">Kevin Levillain, MINES ParisTech, PSL Research University &#8211; kevin.levillain@mines-paristech.fr<strong>\u00a0<\/strong><\/p>\n<div class='w3eden'><!-- WPDM Link Template: Default Template -->\n\n<div class=\"link-template-default card mb-2\">\n    <div class=\"card-body\">\n        <div class=\"media\">\n            <div class=\"mr-3 img-48\"><img decoding=\"async\" class=\"wpdm_icon\" alt=\"Icon\" src=\"https:\/\/conferences.euram.academy\/2024conference\/wp-content\/plugins\/download-manager\/assets\/file-type-icons\/pdf.svg\" \/><\/div>\n            <div class=\"media-body\">\n                <h3 class=\"package-title\"><a href='https:\/\/conferences.euram.academy\/2024conference\/download\/st01_01_st02_01-rethinking-the-responsible-corporation_-bridging-management-law-purpose\/'>ST01_01_ST02_01 - Rethinking the Responsible Corporation_ Bridging Management, Law & Purpose<\/a><\/h3>\n                <div class=\"text-muted text-small\"><i class=\"fas fa-copy\"><\/i> 1 file(s) <i class=\"fas fa-hdd ml-3\"><\/i> 189.16 KB<\/div>\n            <\/div>\n            <div class=\"ml-3\">\n                <a class='wpdm-download-link download-on-click btn btn-primary ' rel='nofollow' href='#' data-downloadurl=\"https:\/\/conferences.euram.academy\/2024conference\/download\/st01_01_st02_01-rethinking-the-responsible-corporation_-bridging-management-law-purpose\/?wpdmdl=4185&refresh=6a036347b95b01778606919\">Download<\/a>\n            <\/div>\n        <\/div>\n    <\/div>\n<\/div>\n\n<\/div>\n<p><strong>\u00a0<\/strong><\/p>\n<h4 style=\"text-align: justify;\"><\/h4>\n<h3 style=\"text-align: justify;\"><\/h3>\n<h3 style=\"text-align: justify;\"><strong>ST02_02 &#8211; Board of Directors, Top Management Teams and Diversity in the C-Suite<\/strong><\/h3>\n<p style=\"text-align: justify;\">Upper echelons, boards of directors and top management teams (TMTs) are among the most influential actors at both firm and society level. However, their influence on firm behavior and firm outcomes continues to be subject to much debate. Despite the large amount of existing research, results are mixed or inconclusive. In this context, understanding the role of board effectiveness, the role of individual executives (CEOs) and top management teams (TMTs), presents an important and growing avenue for research. This topic seeks to (a) understand what makes boards and TMTs effective; (b) to examine the relationships between board, TMT, structures, processes and effectiveness; (c) to build a platform for discussion of issues related to different aspects of upper echelons at micro and macro levels.<\/p>\n<p style=\"text-align: justify;\"><strong>UN Sustainable Development Goals (SDG):<\/strong><\/p>\n<p style=\"text-align: justify;\">Goal 5: Gender equality<\/p>\n<p style=\"text-align: justify;\"><strong>Primary Contact:<\/strong><\/p>\n<p style=\"text-align: justify;\">Esha Mendiratta, Vlerick Business School &#8211; esha.mendiratta@gmail.com<\/p>\n<div class='w3eden'><!-- WPDM Link Template: Default Template -->\n\n<div class=\"link-template-default card mb-2\">\n    <div class=\"card-body\">\n        <div class=\"media\">\n            <div class=\"mr-3 img-48\"><img decoding=\"async\" class=\"wpdm_icon\" alt=\"Icon\" src=\"https:\/\/conferences.euram.academy\/2024conference\/wp-content\/plugins\/download-manager\/assets\/file-type-icons\/pdf.svg\" \/><\/div>\n            <div class=\"media-body\">\n                <h3 class=\"package-title\"><a href='https:\/\/conferences.euram.academy\/2024conference\/download\/st02_02-board-of-directors-and-top-management-teams\/'>ST02_02 - Board of Directors, Top Management Teams and Diversity in the C-Suite<\/a><\/h3>\n                <div class=\"text-muted text-small\"><i class=\"fas fa-copy\"><\/i> 1 file(s) <i class=\"fas fa-hdd ml-3\"><\/i> 189.16 KB<\/div>\n            <\/div>\n            <div class=\"ml-3\">\n                <a class='wpdm-download-link download-on-click btn btn-primary ' rel='nofollow' href='#' data-downloadurl=\"https:\/\/conferences.euram.academy\/2024conference\/download\/st02_02-board-of-directors-and-top-management-teams\/?wpdmdl=4197&refresh=6a036347ba63c1778606919\">Download<\/a>\n            <\/div>\n        <\/div>\n    <\/div>\n<\/div>\n\n<\/div>\n<\/div><\/section><\/div>\n<style type=\"text\/css\" data-created_by=\"avia_inline_auto\" id=\"style-css-av-asigh-78227263a855876a35a27a33df08d5aa\">\n#top .av-special-heading.av-asigh-78227263a855876a35a27a33df08d5aa{\nmargin:50px 0 0 0;\npadding-bottom:10px;\n}\nbody .av-special-heading.av-asigh-78227263a855876a35a27a33df08d5aa .av-special-heading-tag .heading-char{\nfont-size:25px;\n}\n.av-special-heading.av-asigh-78227263a855876a35a27a33df08d5aa .av-subheading{\nfont-size:15px;\n}\n<\/style>\n<div  class='av-special-heading av-asigh-78227263a855876a35a27a33df08d5aa av-special-heading-h3  avia-builder-el-8  el_after_av_one_full  el_before_av_one_full '><h3 class='av-special-heading-tag '  itemprop=\"headline\"  >CORPORATE GOVERNANCE SIG TRACKS<\/h3><div class=\"special-heading-border\"><div class=\"special-heading-inner-border\"><\/div><\/div><\/div><\/p>\n\n<style type=\"text\/css\" data-created_by=\"avia_inline_auto\" id=\"style-css-av-gyjih-96a91fa0ad14608c86096fc99d71404f\">\n#top .flex_column.av-gyjih-96a91fa0ad14608c86096fc99d71404f{\nmargin-top:40px;\nmargin-bottom:10px;\n}\n.flex_column.av-gyjih-96a91fa0ad14608c86096fc99d71404f{\nborder-radius:0px 0px 0px 0px;\npadding:0px 0px 0px 0px;\n}\n.responsive #top #wrap_all .flex_column.av-gyjih-96a91fa0ad14608c86096fc99d71404f{\nmargin-top:40px;\nmargin-bottom:10px;\n}\n<\/style>\n<div  class='flex_column av-gyjih-96a91fa0ad14608c86096fc99d71404f av_one_full  avia-builder-el-9  el_after_av_heading  el_before_av_one_full  first flex_column_div av-zero-column-padding  '     ><section  class='av_textblock_section av-6tunl-adad751e53bb5f930b3e13781f5f8467 '   itemscope=\"itemscope\" itemtype=\"https:\/\/schema.org\/CreativeWork\" ><div class='avia_textblock'  itemprop=\"text\" ><h3 style=\"text-align: justify;\"><strong>T02_04 &#8211; Corporate Governance, Sustainability and The Purpose of Corporations<\/strong><\/h3>\n<p style=\"text-align: justify;\">Concepts like ESG, eco-innovation, environmental litigation risk, CSR, climate change, and social and environmental impacts have become top priority issues on the agendas of boards of directors, executive committees, and investors. However, literature on the role of the composition of the board, director&#8217; skills and attributes, institutional investors or able managers in promoting sustainable policies or enhancing environmental and social performance is heterogeneous, lacks substantial empirical evidence as well as sound conceptual underpinnings. \u00a0We invite theoretical and\/or methodological contributions that develop a critical and\/or multidisciplinary analysis of the role of corporate governance on sustainable firm strategies.<\/p>\n<p style=\"text-align: justify;\"><strong>UN Sustainable Development Goals (SDG):<\/strong><\/p>\n<p style=\"text-align: justify;\">Goal 5: Gender equality,Goal 16: Peace, justice and strong institutions,Goal 17: Partnerships for the goals<\/p>\n<p style=\"text-align: justify;\"><strong>Primary Contact:<\/strong><\/p>\n<p style=\"text-align: justify;\">Emma Garc\u00eda-Meca, Technical University of Cartagena &#8211; emma.garcia@upct.es<\/p>\n<div class='w3eden'><!-- WPDM Link Template: Default Template -->\n\n<div class=\"link-template-default card mb-2\">\n    <div class=\"card-body\">\n        <div class=\"media\">\n            <div class=\"mr-3 img-48\"><img decoding=\"async\" class=\"wpdm_icon\" alt=\"Icon\" src=\"https:\/\/conferences.euram.academy\/2024conference\/wp-content\/plugins\/download-manager\/assets\/file-type-icons\/pdf.svg\" \/><\/div>\n            <div class=\"media-body\">\n                <h3 class=\"package-title\"><a href='https:\/\/conferences.euram.academy\/2024conference\/download\/t02_04-corporate-governance-sustainability-and-the-purpose-of-corporations\/'>T02_04 - Corporate Governance, Sustainability and The Purpose of Corporations<\/a><\/h3>\n                <div class=\"text-muted text-small\"><i class=\"fas fa-copy\"><\/i> 1 file(s) <i class=\"fas fa-hdd ml-3\"><\/i> 189.16 KB<\/div>\n            <\/div>\n            <div class=\"ml-3\">\n                <a class='wpdm-download-link download-on-click btn btn-primary ' rel='nofollow' href='#' data-downloadurl=\"https:\/\/conferences.euram.academy\/2024conference\/download\/t02_04-corporate-governance-sustainability-and-the-purpose-of-corporations\/?wpdmdl=4403&refresh=6a036347bbd991778606919\">Download<\/a>\n            <\/div>\n        <\/div>\n    <\/div>\n<\/div>\n\n<\/div>\n<\/div><\/section><\/div>\n\n<style type=\"text\/css\" data-created_by=\"avia_inline_auto\" id=\"style-css-av-76pm9-44483760d5ac113175e7731fdfbe044b\">\n#top .flex_column.av-76pm9-44483760d5ac113175e7731fdfbe044b{\nmargin-top:40px;\nmargin-bottom:10px;\n}\n.flex_column.av-76pm9-44483760d5ac113175e7731fdfbe044b{\nborder-radius:0px 0px 0px 0px;\npadding:0px 0px 0px 0px;\n}\n.responsive #top #wrap_all .flex_column.av-76pm9-44483760d5ac113175e7731fdfbe044b{\nmargin-top:40px;\nmargin-bottom:10px;\n}\n<\/style>\n<div  class='flex_column av-76pm9-44483760d5ac113175e7731fdfbe044b av_one_full  avia-builder-el-11  el_after_av_one_full  avia-builder-el-last  first flex_column_div av-zero-column-padding  column-top-margin'     ><section  class='av_textblock_section av-l81gv6tb-04662d37cb892f4f9ec5a3bbd5d31726 '   itemscope=\"itemscope\" itemtype=\"https:\/\/schema.org\/CreativeWork\" ><div class='av-desktop-hide av-medium-hide av-small-hide av-mini-hide avia_textblock'  itemprop=\"text\" ><h4 style=\"text-align: justify;\">T02_05 \/ T13_11 &#8211; Post-covid governance of HEI: have management and business schools reached a \u201cnew normal\u201d ?<\/h4>\n<p style=\"text-align: justify;\">Despite the description of &#8220;new normal&#8221;,\u00a0several management and business schools are switching back towards the traditional face-to-face course offerings, excluding online and blended options for students. This track proposes an exploration to understand how they take advantage of the efforts to transform digitally their offering during the critical period of the covid-19 pandemic, or if they prefer to bounce back by considering that they faced a crisis situation and can now go back to the previous new normal. Are management and business schools afraid to embed the digital switch\u00a0in their educational model?<\/p>\n<p style=\"text-align: justify;\"><strong>UN Sustainable Development Goals (SDG):<\/strong><\/p>\n<p style=\"text-align: justify;\">Goal 4: Quality education<\/p>\n<p style=\"text-align: justify;\">Carolina Serrano-Archimi, Aix-Marseille Universit\u00e9, IAE, CERGAM &#8211; <a href=\"mailto:carolina.serrano@iae-aix.com\">carolina.serrano@iae-aix.com<\/a><\/p>\n\n<\/div><\/section><\/div>\n","protected":false},"excerpt":{"rendered":"","protected":false},"author":1,"featured_media":0,"parent":0,"menu_order":0,"comment_status":"closed","ping_status":"closed","template":"","meta":{"footnotes":""},"class_list":["post-449","page","type-page","status-publish","hentry"],"_links":{"self":[{"href":"https:\/\/conferences.euram.academy\/2024conference\/wp-json\/wp\/v2\/pages\/449","targetHints":{"allow":["GET"]}}],"collection":[{"href":"https:\/\/conferences.euram.academy\/2024conference\/wp-json\/wp\/v2\/pages"}],"about":[{"href":"https:\/\/conferences.euram.academy\/2024conference\/wp-json\/wp\/v2\/types\/page"}],"author":[{"embeddable":true,"href":"https:\/\/conferences.euram.academy\/2024conference\/wp-json\/wp\/v2\/users\/1"}],"replies":[{"embeddable":true,"href":"https:\/\/conferences.euram.academy\/2024conference\/wp-json\/wp\/v2\/comments?post=449"}],"version-history":[{"count":55,"href":"https:\/\/conferences.euram.academy\/2024conference\/wp-json\/wp\/v2\/pages\/449\/revisions"}],"predecessor-version":[{"id":5182,"href":"https:\/\/conferences.euram.academy\/2024conference\/wp-json\/wp\/v2\/pages\/449\/revisions\/5182"}],"wp:attachment":[{"href":"https:\/\/conferences.euram.academy\/2024conference\/wp-json\/wp\/v2\/media?parent=449"}],"curies":[{"name":"wp","href":"https:\/\/api.w.org\/{rel}","templated":true}]}}